{"id":52,"date":"2024-03-01T08:12:57","date_gmt":"2024-03-01T07:12:57","guid":{"rendered":"https:\/\/kueng.de\/?page_id=52"},"modified":"2025-04-11T16:50:04","modified_gmt":"2025-04-11T14:50:04","slug":"it-services","status":"publish","type":"page","link":"https:\/\/kueng.de\/index.php\/it-services\/","title":{"rendered":"IT Services"},"content":{"rendered":"\n<p>Als ich das Licht der Welt erblickte (bin heute  jung), gab es weder den Beruf &#8222;Informatiker&#8220; noch war die IT ein Thema. Nach der Schulzeit ging es erst in handwerkliche Berufe. 1981 konnte ich bei einer Bank in die IT einsteigen. Als Operator die Mainframe bedienen, Lochkarten stanzen und mit den Kettendruckern unz\u00e4hligen Output erstellen. Danach als Programmierer und Analytiker Bank-Applikationen unterhalten und entwickeln. Mit Weiterbildungen in Kommunikationstechnologien und Netzwerktechniken die F\u00e4higkeiten erlangen um die Vernetzung aller Niederlassungen umzusetzen. In dieser Zeit fanden die ersten Personalcomputer ihren Platz bei gutbetuchten Mitmenschen oder Banken. Die berufliche Laufbahn und Perspektiven schienen gesichert, bis 1996 diese Bank verkauft wurde. Jammern n\u00fctzt nichts, also ging es in die Selbst\u00e4ndigkeit. Schwergewichtig wurden alle Dienstleistungen im Bereich Internet angeboten und die Virtualisierung der Rechner umgesetzt. Nebenbei wurden KMU&#8217;s betreut. Die letzten rund 8 Jahre vom normalen Erwerbsleben war ich dann bei einem Kleinunternehmen t\u00e4tig, in welchem ich den gr\u00f6ssten Teil des fr\u00fcher erworbenen Fachwissens anwenden konnte.<\/p>\n\n\n\n<p>Nun ist der letzte Lebensabschnitt erreicht und ich bin im Ruhestand, oder doch im Unruhestand? Es ist ein erhabenes Gef\u00fchl, nicht arbeiten zu m\u00fcssen, jedoch arbeiten zu d\u00fcrfen. In diesem Sinne biete ich mein angesammeltes Fachwissen gerne auch weiterhin an.<\/p>\n\n\n\n<ul class=\"wp-block-list\">\n<li>Erstellen und Unterhalt von Websites<\/li>\n\n\n\n<li>Netzwerk: Konzepte, Unterhalt<\/li>\n\n\n\n<li>Server\/Client: Konzepte, Aufsetzen, Unterhalt<\/li>\n\n\n\n<li>Sicherheit: Vom Virenschutz \u00fcber Verschl\u00fcsselung bis Schulung<\/li>\n\n\n\n<li>&#8230;.<br><\/li>\n<\/ul>\n\n\n\n<p><a href=\"https:\/\/kueng.de\/index.php\/kontakt\/\">Kontaktieren<\/a> Sie mich, fragen kostet nichts.<\/p>\n","protected":false},"excerpt":{"rendered":"<p>Als ich das Licht der Welt erblickte (bin heute jung), gab es weder den Beruf &#8222;Informatiker&#8220; noch war die IT [&hellip;]<\/p>\n","protected":false},"author":1,"featured_media":0,"parent":0,"menu_order":0,"comment_status":"closed","ping_status":"closed","template":"","meta":{"site-sidebar-layout":"default","site-content-layout":"","ast-site-content-layout":"default","site-content-style":"default","site-sidebar-style":"default","ast-global-header-display":"","ast-banner-title-visibility":"","ast-main-header-display":"","ast-hfb-above-header-display":"","ast-hfb-below-header-display":"","ast-hfb-mobile-header-display":"","site-post-title":"","ast-breadcrumbs-content":"","ast-featured-img":"","footer-sml-layout":"","ast-disable-related-posts":"","theme-transparent-header-meta":"","adv-header-id-meta":"","stick-header-meta":"","header-above-stick-meta":"","header-main-stick-meta":"","header-below-stick-meta":"","astra-migrate-meta-layouts":"default","ast-page-background-enabled":"default","ast-page-background-meta":{"desktop":{"background-color":"var(--ast-global-color-4)","background-image":"","background-repeat":"repeat","background-position":"center center","background-size":"auto","background-attachment":"scroll","background-type":"","background-media":"","overlay-type":"","overlay-color":"","overlay-opacity":"","overlay-gradient":""},"tablet":{"background-color":"","background-image":"","background-repeat":"repeat","background-position":"center center","background-size":"auto","background-attachment":"scroll","background-type":"","background-media":"","overlay-type":"","overlay-color":"","overlay-opacity":"","overlay-gradient":""},"mobile":{"background-color":"","background-image":"","background-repeat":"repeat","background-position":"center center","background-size":"auto","background-attachment":"scroll","background-type":"","background-media":"","overlay-type":"","overlay-color":"","overlay-opacity":"","overlay-gradient":""}},"ast-content-background-meta":{"desktop":{"background-color":"var(--ast-global-color-5)","background-image":"","background-repeat":"repeat","background-position":"center center","background-size":"auto","background-attachment":"scroll","background-type":"","background-media":"","overlay-type":"","overlay-color":"","overlay-opacity":"","overlay-gradient":""},"tablet":{"background-color":"var(--ast-global-color-5)","background-image":"","background-repeat":"repeat","background-position":"center center","background-size":"auto","background-attachment":"scroll","background-type":"","background-media":"","overlay-type":"","overlay-color":"","overlay-opacity":"","overlay-gradient":""},"mobile":{"background-color":"var(--ast-global-color-5)","background-image":"","background-repeat":"repeat","background-position":"center center","background-size":"auto","background-attachment":"scroll","background-type":"","background-media":"","overlay-type":"","overlay-color":"","overlay-opacity":"","overlay-gradient":""}},"ngg_post_thumbnail":0,"footnotes":""},"class_list":["post-52","page","type-page","status-publish","hentry"],"yoast_head":"<!-- This site is optimized with the Yoast SEO plugin v27.2 - https:\/\/yoast.com\/product\/yoast-seo-wordpress\/ -->\n<title>IT Services - Kueng - Privates, IT Services und Hundesalon<\/title>\n<meta name=\"robots\" content=\"index, follow, max-snippet:-1, max-image-preview:large, max-video-preview:-1\" \/>\n<link rel=\"canonical\" href=\"https:\/\/kueng.de\/index.php\/it-services\/\" \/>\n<meta property=\"og:locale\" content=\"de_DE\" \/>\n<meta property=\"og:type\" content=\"article\" \/>\n<meta property=\"og:title\" content=\"IT Services - Kueng - Privates, IT Services und Hundesalon\" \/>\n<meta property=\"og:description\" content=\"Als ich das Licht der Welt erblickte (bin heute jung), gab es weder den Beruf &#8222;Informatiker&#8220; noch war die IT [&hellip;]\" \/>\n<meta property=\"og:url\" content=\"https:\/\/kueng.de\/index.php\/it-services\/\" \/>\n<meta property=\"og:site_name\" content=\"Kueng - Privates, IT Services und Hundesalon\" \/>\n<meta property=\"article:modified_time\" content=\"2025-04-11T14:50:04+00:00\" \/>\n<meta name=\"twitter:card\" content=\"summary_large_image\" \/>\n<meta name=\"twitter:label1\" content=\"Gesch\u00e4tzte Lesezeit\" \/>\n\t<meta name=\"twitter:data1\" content=\"2\u00a0Minuten\" \/>\n<script type=\"application\/ld+json\" class=\"yoast-schema-graph\">{\"@context\":\"https:\/\/schema.org\",\"@graph\":[{\"@type\":\"WebPage\",\"@id\":\"https:\/\/kueng.de\/index.php\/it-services\/\",\"url\":\"https:\/\/kueng.de\/index.php\/it-services\/\",\"name\":\"IT Services - Kueng - Privates, IT Services und Hundesalon\",\"isPartOf\":{\"@id\":\"https:\/\/kueng.de\/#website\"},\"datePublished\":\"2024-03-01T07:12:57+00:00\",\"dateModified\":\"2025-04-11T14:50:04+00:00\",\"breadcrumb\":{\"@id\":\"https:\/\/kueng.de\/index.php\/it-services\/#breadcrumb\"},\"inLanguage\":\"de\",\"potentialAction\":[{\"@type\":\"ReadAction\",\"target\":[\"https:\/\/kueng.de\/index.php\/it-services\/\"]}]},{\"@type\":\"BreadcrumbList\",\"@id\":\"https:\/\/kueng.de\/index.php\/it-services\/#breadcrumb\",\"itemListElement\":[{\"@type\":\"ListItem\",\"position\":1,\"name\":\"Startseite\",\"item\":\"https:\/\/kueng.de\/\"},{\"@type\":\"ListItem\",\"position\":2,\"name\":\"IT Services\"}]},{\"@type\":\"WebSite\",\"@id\":\"https:\/\/kueng.de\/#website\",\"url\":\"https:\/\/kueng.de\/\",\"name\":\"Kueng - Privates, IT Services und Hundesalon\",\"description\":\"k\u00fcng it services - Erlaheim - Geislingen - Balingen -Zollernalb\",\"publisher\":{\"@id\":\"https:\/\/kueng.de\/#organization\"},\"potentialAction\":[{\"@type\":\"SearchAction\",\"target\":{\"@type\":\"EntryPoint\",\"urlTemplate\":\"https:\/\/kueng.de\/?s={search_term_string}\"},\"query-input\":{\"@type\":\"PropertyValueSpecification\",\"valueRequired\":true,\"valueName\":\"search_term_string\"}}],\"inLanguage\":\"de\"},{\"@type\":\"Organization\",\"@id\":\"https:\/\/kueng.de\/#organization\",\"name\":\"Kueng - Privates, IT Services und Hundesalon\",\"url\":\"https:\/\/kueng.de\/\",\"logo\":{\"@type\":\"ImageObject\",\"inLanguage\":\"de\",\"@id\":\"https:\/\/kueng.de\/#\/schema\/logo\/image\/\",\"url\":\"https:\/\/kueng.de\/wp-content\/uploads\/2024\/02\/cropped-logo-150x150-1.jpg\",\"contentUrl\":\"https:\/\/kueng.de\/wp-content\/uploads\/2024\/02\/cropped-logo-150x150-1.jpg\",\"width\":150,\"height\":150,\"caption\":\"Kueng - Privates, IT Services und Hundesalon\"},\"image\":{\"@id\":\"https:\/\/kueng.de\/#\/schema\/logo\/image\/\"}}]}<\/script>\n<!-- \/ Yoast SEO plugin. -->","yoast_head_json":{"title":"IT Services - Kueng - Privates, IT Services und Hundesalon","robots":{"index":"index","follow":"follow","max-snippet":"max-snippet:-1","max-image-preview":"max-image-preview:large","max-video-preview":"max-video-preview:-1"},"canonical":"https:\/\/kueng.de\/index.php\/it-services\/","og_locale":"de_DE","og_type":"article","og_title":"IT Services - Kueng - Privates, IT Services und Hundesalon","og_description":"Als ich das Licht der Welt erblickte (bin heute jung), gab es weder den Beruf &#8222;Informatiker&#8220; noch war die IT [&hellip;]","og_url":"https:\/\/kueng.de\/index.php\/it-services\/","og_site_name":"Kueng - Privates, IT Services und Hundesalon","article_modified_time":"2025-04-11T14:50:04+00:00","twitter_card":"summary_large_image","twitter_misc":{"Gesch\u00e4tzte Lesezeit":"2\u00a0Minuten"},"schema":{"@context":"https:\/\/schema.org","@graph":[{"@type":"WebPage","@id":"https:\/\/kueng.de\/index.php\/it-services\/","url":"https:\/\/kueng.de\/index.php\/it-services\/","name":"IT Services - Kueng - Privates, IT Services und Hundesalon","isPartOf":{"@id":"https:\/\/kueng.de\/#website"},"datePublished":"2024-03-01T07:12:57+00:00","dateModified":"2025-04-11T14:50:04+00:00","breadcrumb":{"@id":"https:\/\/kueng.de\/index.php\/it-services\/#breadcrumb"},"inLanguage":"de","potentialAction":[{"@type":"ReadAction","target":["https:\/\/kueng.de\/index.php\/it-services\/"]}]},{"@type":"BreadcrumbList","@id":"https:\/\/kueng.de\/index.php\/it-services\/#breadcrumb","itemListElement":[{"@type":"ListItem","position":1,"name":"Startseite","item":"https:\/\/kueng.de\/"},{"@type":"ListItem","position":2,"name":"IT Services"}]},{"@type":"WebSite","@id":"https:\/\/kueng.de\/#website","url":"https:\/\/kueng.de\/","name":"Kueng - Privates, IT Services und Hundesalon","description":"k\u00fcng it services - Erlaheim - Geislingen - Balingen -Zollernalb","publisher":{"@id":"https:\/\/kueng.de\/#organization"},"potentialAction":[{"@type":"SearchAction","target":{"@type":"EntryPoint","urlTemplate":"https:\/\/kueng.de\/?s={search_term_string}"},"query-input":{"@type":"PropertyValueSpecification","valueRequired":true,"valueName":"search_term_string"}}],"inLanguage":"de"},{"@type":"Organization","@id":"https:\/\/kueng.de\/#organization","name":"Kueng - Privates, IT Services und Hundesalon","url":"https:\/\/kueng.de\/","logo":{"@type":"ImageObject","inLanguage":"de","@id":"https:\/\/kueng.de\/#\/schema\/logo\/image\/","url":"https:\/\/kueng.de\/wp-content\/uploads\/2024\/02\/cropped-logo-150x150-1.jpg","contentUrl":"https:\/\/kueng.de\/wp-content\/uploads\/2024\/02\/cropped-logo-150x150-1.jpg","width":150,"height":150,"caption":"Kueng - Privates, IT Services und Hundesalon"},"image":{"@id":"https:\/\/kueng.de\/#\/schema\/logo\/image\/"}}]}},"_links":{"self":[{"href":"https:\/\/kueng.de\/index.php\/wp-json\/wp\/v2\/pages\/52","targetHints":{"allow":["GET"]}}],"collection":[{"href":"https:\/\/kueng.de\/index.php\/wp-json\/wp\/v2\/pages"}],"about":[{"href":"https:\/\/kueng.de\/index.php\/wp-json\/wp\/v2\/types\/page"}],"author":[{"embeddable":true,"href":"https:\/\/kueng.de\/index.php\/wp-json\/wp\/v2\/users\/1"}],"replies":[{"embeddable":true,"href":"https:\/\/kueng.de\/index.php\/wp-json\/wp\/v2\/comments?post=52"}],"version-history":[{"count":11,"href":"https:\/\/kueng.de\/index.php\/wp-json\/wp\/v2\/pages\/52\/revisions"}],"predecessor-version":[{"id":1147,"href":"https:\/\/kueng.de\/index.php\/wp-json\/wp\/v2\/pages\/52\/revisions\/1147"}],"wp:attachment":[{"href":"https:\/\/kueng.de\/index.php\/wp-json\/wp\/v2\/media?parent=52"}],"curies":[{"name":"wp","href":"https:\/\/api.w.org\/{rel}","templated":true}]}}